 - 13 = 0. Let f(t) be the third derivative of t**5/60 + t**4/8 + t**3/2 + t**2. What is the units digit of f(w)?
7
Let t(i) = -i**3 + 6*i**2 - 5*i - 6. Let n = -9 - -14. Let k be t(n). What is the units digit of (k/(-4))/(27/342)?
9
Let d be 1*41 - 4/(-4). Let w(a) = -d - a + 54 + 2*a. What is the units digit of w(-7)?
5
Let z(l) be the third derivative of -7*l**4/8 - l**3 + 10*l**2. What is the tens digit of z(-2)?
3
Let u be (1 + -4)/(12/(-16)). Let w(x) = -x + 5. Let a be w(u). Let j = a - -7. What is the units digit of j?
8
Let v = -4 - -8. Suppose v*r - 7 = -5*s, -5*r - 11 + 1 = 0. Suppose -s*m + 2*k + 14 + 12 = 0, -5*k + 25 = 0. What is the units digit of m?
2
Suppose 3*t - 6*t + 1704 = -5*b, -4*t + 2283 = -3*b. What is the units digit of t?
3
Suppose 3*u + 2*u = 3*c - 24, u = 4*c - 15. Let w be -1 + 5 + (89 - u). Suppose 5*t - w - 114 = 0. What is the units digit of t?
2
Let u = 146 - 115. Let v be (-162)/21 - (-2)/(-7). Let g = u + v. What is the tens digit of g?
2
Suppose 5*t = 3*h + 1035 + 1157, -t - h + 432 = 0. Suppose -5*m + 218 = -3*m + c, -t = -4*m + 4*c. What is the tens digit of m?
0
Suppose 4*l - 13 = -1. Suppose 210 = l*y + u, 3*u - 4 + 64 = y. What is the units digit of y?
9
Suppose 119 - 14 = 7*u. Suppose -4*x - 528 = -u*x. What is the units digit of x?
8
What is the tens digit of ((-76)/16)/(-19) - 3398/(-8)?
2
Let c(u) = -u**3 + 32 - 2*u**2 - 28 + 3*u**2. Let z be (0 + (-2 - -2))/1. What is the units digit of c(z)?
4
Suppose -2*y + 953 - 199 = 0. What is the tens digit of y?
7
Let y = 1255 - 732. What is the tens digit of y?
2
Let h(d) = d + 2. Let v be h(-2). Let s be 1 - (-68)/(-4) - v. What is the units digit of 1/(-2)*(s + 6)?
5
Let v = -1655 - -2555. What is the hundreds digit of v?
9
Let f(n) = 67*n - 85. What is the units digit of f(2)?
9
Let s = -569 + 844. What is the hundreds digit of s?
2
Let i = -32 + 195. What is the hundreds digit of i?
1
Let d(y) = 6*y**2 + y**2 + 16 - 5*y - 19 - y**3. Suppose 10*o = 5*o + 10, -10 = -5*m + 5*o. What is the tens digit of d(m)?
2
Suppose -11700 = -5*o + 4*v, -v = -3*o - 1481 + 8508. What is the hundreds digit of o?
3
Suppose -3*b = -5*s - 22, 5*s = 5*b - 41 + 11. Suppose q + y - b*y = 178, 0 = -q + 2*y + 179. What is the hundreds digit of q?
1
Suppose v + 20 = 5*v. Suppose v*p + 3*s = 4*s + 4, 5*p = 2*s + 3. Let h = p + 4. What is the units digit of h?
5
Suppose 0*m + 2*m = 3*o - 1108, 1660 = -3*m + 5*o. What is the tens digit of (1 - 0) + m/(-14)?
4
Let s = -8992 + 13522. What is the thousands digit of s?
4
Let l = 2134 - 1488. What is the hundreds digit of l?
6
Suppose -3*k - 3*s = 78, 9*k - 3*s = 4*k - 98. What is the tens digit of (k/33)/((-6)/333)?
3
Let m(d) = d**2 + 2*d - 5. Let y be m(-4). Let g(v) be the second derivative of v**3/3 - 2*v**2 + 4*v. What is the units digit of g(y)?
2
Suppose x + 8 = 4*q, -16 = -3*x - 3*q + 5. Suppose 5*f - x*v = 22, 0*v - 11 = -4*f + v. What is the units digit of f?
2
Suppose 2*z - 24 = 6*z. Let s = z - -8. Let f(a) = a**3 + 4*a**2 - 5*a. What is the units digit of f(s)?
4
Suppose -2*v - 2*p + 1260 = 0, -v = 3*p - 423 - 197. What is the tens digit of v?
3
What is the hundreds digit of (4080/112)/(3/21)?
2
Let s be (-190)/(-25) - 6/(-15). Let y = -4 - s. What is the tens digit of (y/24)/(1/(-98))?
4
Let i(z) = -36*z + 23. What is the tens digit of i(-9)?
4
Let w = 2315 + -1193. What is the units digit of w?
2
Suppose -61*y + 6*y + 95920 = 0. What is the tens digit of y?
4
Let t(v) = 66 + 0 - 14 - 5*v. What is the units digit of t(-9)?
7
Let i(h) = -9*h - 10. Let m(n) = -n - 1. Let c(y) = i(y) - 3*m(y). Suppose 2 = 4*j + 26. What is the units digit of c(j)?
9
Let p be (-4 + (6 - 3))*0. Suppose f = -2*y + 10, p = 2*f + f - 4*y + 10. Suppose -8 = -f*x + 26. What is the tens digit of x?
1
Let o(t) be the first derivative of 9 - 28*t**2 + 11*t**2 + t + 11*t**2. What is the tens digit of o(-1)?
1
What is the tens digit of (7 - 91/14)/((-2)/(-1792))?
4
Let g = -733 + 1516. What is the hundreds digit of g?
7
Let s(n) = n**3 - 7*n**2 + 6*n - 12. Let y be s(8). What is the tens digit of y - 4*(-5)/(-20)?
9
Let v = 1771 + -1231. Suppose x + 5*x - v = 0. What is the units digit of x?
0
Suppose -3*s - 17 = n + 4*n, 0 = 4*s + 5*n + 16. What is the units digit of (s + -2)/(-2)*106?
3
Suppose 32 - 11 = -7*s. What is the units digit of -3 - s/1 - 178/(-2)?
9
Suppose -2*f = 10, f = -2*s - 7 + 2. Let b be s/((-4 - -2)/2). Suppose 0*y - 3*y + 24 = b. What is the units digit of y?
8
Let d(t) = -7*t**3 - 2*t**2 + t + 10. What is the tens digit of d(-5)?
3
Let b(r) be the first derivative of r**3/3 + r**2/2 + 25*r - 8. Let s be b(0). Let i = -18 + s. What is the units digit of i?
7
Let n = -45 - -19. Let p = 24 + n. What is the units digit of ((-8)/p - 8)/(-2)?
2
Let z(m) be the second derivative of m**4/3 + m**3/2 - 2*m**2 + 2*m. Let r be z(-3). Suppose 0 = 2*l - r - 39. What is the units digit of l?
1
Let a(d) = -d**2 + 2*d + 9. Let m be a(4). Let r(i) = -20*i + 6*i**3 + 1 - i**2 + 20*i. What is the units digit of r(m)?
6
Suppose 7 = 2*t - 3*z, -1 = t + z + 2*z. Suppose 5*l + t*k - 123 = 0, -5*k = 6 - 26. What is the units digit of l?
3
Suppose -48*t + 63120 = -0*t. What is the units digit of t?
5
Let f = -197 + 141. Let j = f + 149. What is the units digit of j?
3
Suppose 14*a + 1470 = 21*a. What is the hundreds digit of a?
2
What is the hundreds digit of (1 + 3 + -9 + 303)*4?
1
Let i be (-374)/14 - -1 - 48/168. What is the units digit of (-5)/15 - i/6?
4
Suppose q = -q - 36. Let h be (q/5)/((-4)/10). Let w = h - 5. What is the units digit of w?
4
Let b(d) = -d - 1. Let c(j) = 7*j + 3. Let n(g) = 6*b(g) + c(g). Let k be n(3). Suppose -3 = -k*t - t. What is the units digit of t?
3
Let w = 10 - 8. Let o be w/13 - 287/91. What is the tens digit of (-4 - -1)*(o - 9)?
3
Suppose -127 + 777 = 25*j. What is the tens digit of j?
2
Let c = 1228 - 513. Let l be (-4)/(-14) + c/(-77). Let d = l + 18. What is the units digit of d?
9
Suppose 5*d - 4*a = -84, -2*d - a - 15 = -d. What is the tens digit of (19 + d)*118/6?
5
Let q = 2 + -11. Let m be (-8)/(-6)*q/(-6). Suppose 2*g + 4*s - 5 = 11, m*g = -2*s + 12. What is the units digit of g?
4
What is the units digit of (1732/(-6))/(6*7/(-63))?
3
Let j(f) = -2820*f + 20. What is the hundreds digit of j(-1)?
8
Let k(s) = 3*s**2 - 3*s + 2. Let z be k(3). Suppose 52*h = 54*h + 186. What is the tens digit of (-5)/z + h/(-4)?
2
Let g(z) = -z**2 - 12*z + 1. Let j be g(-12). Let k(s) = s**2 + s**2 + j + 9*s + 4 + 0*s**2. What is the tens digit of k(-6)?
2
Suppose -4*d = -n + 1206, -3*n + 4*d - 8*d = -3666. What is the tens digit of n?
1
Let r = -19 + 24. Suppose o = 10 - r. What is the units digit of (-75)/o*4/(-6)?
0
Let a(t) = 0*t + 3*t - t**2 - 7 + 3*t**2 + t. What is the tens digit of a(-7)?
6
Let i(m) = m**3 - 11*m**2 - 28*m + 3. What is the hundreds digit of i(16)?
8
Let n = -972 + 1569. What is the tens digit of n?
9
Suppose 7*h - 880 = 2*h - 4*k, -5*k = -3*h + 528. Suppose f = -4*z - 8 + 332, 2*z - h = -4*f. Let i = -44 + z. What is the tens digit of i?
3
Let x(t) be the second derivative of -t**4/12 - 5*t**3/6 - t**2 - 5*t. Let s be x(-6). What is the units digit of (-2)/s + 86/8?
1
Let t(q) = q**3 - 2*q**2 - 8*q + 4. Let z be t(4). Let d be 47 + (z/1 - 6). Suppose -6*p = -5*p - d. What is the tens digit of p?
4
Suppose -1908 + 6 = -4*x + 2*p, -5*p - 15 = 0. What is the units digit of x?
4
Let b = -9 - -57. Suppose -6*d = -216 - b. What is the tens digit of d?
4
Suppose -26*s + 92680 = 27602. What is the thousands digit of s?
2
Suppose 5*y = 3*w - 1397, -5*w - 2*y + 1854 = -w. What is the units digit of w?
4
Let k = -114 - -165. Suppose 2*z = -3*z - 3*u + 117, 3*u + k = 3*z. What is the tens digit of z?
2
Let n(t) = -3*t - 39. Let r be n(-23). Suppose 76 = v - r. What is the tens digit of v?
0
Suppose 2*x = -9 + 25. Let l = x - -23. What is the tens digit of l?
3
Let b(u) = 6*u**3 - 2*u**2 + u. Let g be b(1). What is the tens digit of (-118)/(-4)*(g - 3)?
5
Suppose -2*g = -7*g + 280. Suppose -l - 4*q = l - 168, -5*q = -l + g. What is the units digit of l?
6
Let q(m) be the second derivative of 0 + 1/6*m**3 - m + 8*m**2. What is the units digit of q(12)?
8
Suppose -8*o = -2*k - 13*o + 1869, 5*k - 4686 = o. What is th